{"id":46,"date":"2014-03-01T00:03:13","date_gmt":"2014-02-28T23:03:13","guid":{"rendered":"http:\/\/cms.t3-california-tips.de\/?page_id=46"},"modified":"2026-03-11T09:50:41","modified_gmt":"2026-03-11T08:50:41","slug":"warum-t3-tipps-2","status":"publish","type":"page","link":"https:\/\/cms.t3-california-tips.de\/","title":{"rendered":"Willkommen bei T3-Tipps!"},"content":{"rendered":"<p>Nach \u00fcber 30j\u00e4hriger Erfahrung mit diesem Fahrzeug sind mir im Laufe der Zeit einige Verbesserungen eingefallen.<br \/>\nDa sicherlich auch andere T3-Fahrer f\u00fcr Tipps und Anregungen dankbar sind, habe ich einiges aufgeschrieben.<br \/>\nAufgrund der Vielfalt kann ich nicht auf jeden Punkt so ausf\u00fchrlich eingehen, wie es vielleicht notwendig w\u00e4re. Ich bin aber gerne bereit, Fragen zu beantworten. F\u00fcr konstruktive Kritik und Anregungen bin ich dankbar.<\/p>\n<p><strong>Haftung und Verantwortung kann ich f\u00fcr die Umsetzung dieser Anregungen nat\u00fcrlich nicht \u00fcbernehmen. Jeder handelt auf eigenes Risiko!<\/strong><\/p>\n<h2><\/h2>\n<h2>\u00dcbersicht<\/h2>\n<p>[Au\u00dfen]<\/p>\n<ul>\n<li><a href=\"https:\/\/cms.t3-california-tips.de\/?p=323\">Gaseinf\u00fcllstutzen verl\u00e4ngern<\/a><\/li>\n<li><a href=\"https:\/\/cms.t3-california-tips.de\/?p=320\">Frischwasserablauf<\/a><\/li>\n<li><a title=\"Steinschlagschutz\" href=\"https:\/\/cms.t3-california-tips.de\/?p=29\">Steinschlagschutz<\/a><\/li>\n<li><a title=\"Hellere R\u00fcckleuchten \u2013 verboten aber sicherer\" href=\"https:\/\/cms.t3-california-tips.de\/?p=31\">Hellere R\u00fcckleuchten (verboten aber sicherer)<\/a><\/li>\n<li><a title=\"Befestigung von Tr\u00e4gersystemen auf dem Hochdach\" href=\"https:\/\/cms.t3-california-tips.de\/?p=37\">Befestigung von Tr\u00e4gersystemen am Hochdach<\/a><\/li>\n<li><a title=\"Reservetankunterbringung\" href=\"https:\/\/cms.t3-california-tips.de\/?p=71\">Reservetankunterbringung<\/a><\/li>\n<li><a title=\"Windabweiser f\u00fcr T\u00fcrfenster\" href=\"https:\/\/cms.t3-california-tips.de\/?p=77\">Windabweiser f\u00fcr T\u00fcrfenster<\/a><\/li>\n<li><a title=\"Scharnier der Gastank-Abdeckung\" href=\"https:\/\/cms.t3-california-tips.de\/?p=79\">Scharnier der Gastank-Abdeckung<\/a><\/li>\n<li><a title=\"Hundetrittbrett\" href=\"https:\/\/cms.t3-california-tips.de\/?p=81\">Hundetrittbrett auf der Anh\u00e4ngerkupplung<\/a><\/li>\n<li><a title=\"Regenschutz bei offener Schiebet\u00fcr\" href=\"https:\/\/cms.t3-california-tips.de\/?p=84\">Regenschutz bei offener Schiebet\u00fcr<\/a><\/li>\n<li><a title=\"Luftdruckkontrolle Reserverad\" href=\"https:\/\/cms.t3-california-tips.de\/?p=86\">Luftdruckkontrolle Reserverad<\/a><\/li>\n<li><a title=\"Jollentransport auf dem Hochdach\" href=\"https:\/\/cms.t3-california-tips.de\/?p=89\">Jollentransport auf dem Hochdach<\/a><\/li>\n<li><a title=\"Heckgep\u00e4cktr\u00e4ger am Hochdach\" href=\"https:\/\/cms.t3-california-tips.de\/?p=262\" rel=\"bookmark\">Heckgep\u00e4cktr\u00e4ger am Hochdach<\/a><\/li>\n<\/ul>\n<p>[Innen]<\/p>\n<ul>\n<li><a href=\"https:\/\/cms.t3-california-tips.de\/?p=327\">Liegefl\u00e4che unten<\/a><\/li>\n<li><a href=\"https:\/\/cms.t3-california-tips.de\/?p=314\">Peilstab als Frischwasseranzeige<\/a><\/li>\n<li><a href=\"https:\/\/cms.t3-california-tips.de\/?p=309\">Br\u00f6tchentoaster<\/a><\/li>\n<li><a title=\"Schlafkomfort im Hochdach verbessern\" href=\"https:\/\/cms.t3-california-tips.de\/?p=258\">Schlafkomfort im Hochdach verbessern<\/a><\/li>\n<li><a title=\"St\u00e4rkere Gasfedern f\u00fcr die Heckklappe\" href=\"https:\/\/cms.t3-california-tips.de\/?p=109\">St\u00e4rkere Gasfedern f\u00fcr Heckklappe<\/a><\/li>\n<li><a title=\"Ablage vor dem Schalthebel\" href=\"https:\/\/cms.t3-california-tips.de\/?p=120\">Ablage vor dem Schalthebel<\/a><\/li>\n<li><a title=\"Besteckschublade vergr\u00f6\u00dfern\" href=\"https:\/\/cms.t3-california-tips.de\/?p=129\">Besteckschublade vergr\u00f6\u00dfern<\/a><\/li>\n<li><a title=\"Stauraumvergr\u00f6\u00dferung unter der R\u00fccksitzbank\" href=\"https:\/\/cms.t3-california-tips.de\/?p=132\">Stauraumvergr\u00f6\u00dferung unter der R\u00fccksitzbank<\/a><\/li>\n<li><a title=\"Stauraum statt Polster im Heck\" href=\"https:\/\/cms.t3-california-tips.de\/?p=134\">Stauraum statt Polster im Heck<\/a><\/li>\n<li><a title=\"Fach f\u00fcr Reiseunterlagen (Hochdach)\" href=\"https:\/\/cms.t3-california-tips.de\/?p=137\">Fach f\u00fcr Reiseunterlagen<\/a><\/li>\n<li><a title=\"Lenkradtisch\" href=\"https:\/\/cms.t3-california-tips.de\/?p=146\">Lenkradtisch<\/a><\/li>\n<li><a title=\"Schrumpfende Kantenumleimer\" href=\"https:\/\/cms.t3-california-tips.de\/?p=152\">Schrumpfende Kantenumleimer<\/a><\/li>\n<li><a title=\"Handschuhfachverriegelung\" href=\"https:\/\/cms.t3-california-tips.de\/?p=154\">Handschuhfachverriegelung<\/a><\/li>\n<li><a title=\"W\u00e4scheleine (Hochdach)\" href=\"https:\/\/cms.t3-california-tips.de\/?p=159\">W\u00e4scheleine<\/a><\/li>\n<li><a title=\"Wassersparen\" href=\"https:\/\/cms.t3-california-tips.de\/?p=161\">Wassersparen durch Taster<\/a><\/li>\n<li><a title=\"Seifenspenderbefestigung (Hochdach)\" href=\"https:\/\/cms.t3-california-tips.de\/?p=164\">Befestigung Seifenspender<\/a><\/li>\n<li><a title=\"Tischplattenunterbringung\" href=\"https:\/\/cms.t3-california-tips.de\/?p=168\">Tischplattenunterbringung<\/a><\/li>\n<li><a title=\"Liegefl\u00e4che ohne Umklappen der R\u00fccksitzbank\" href=\"https:\/\/cms.t3-california-tips.de\/?p=171\">Liegefl\u00e4che ohne Umklappen der R\u00fccksitzbank<\/a><\/li>\n<li><a title=\"Hundegitter auf der R\u00fccksitzlehne\" href=\"https:\/\/cms.t3-california-tips.de\/?p=181\">Hundegitter auf der R\u00fccksitzlehne<\/a><\/li>\n<li><a title=\"Beschlagene Hochdachfenster\" href=\"https:\/\/cms.t3-california-tips.de\/?p=186\">Beschlagene Hochdachfenster<\/a><\/li>\n<li><a title=\"Defekte Frischwasseranzeige\" href=\"https:\/\/cms.t3-california-tips.de\/?p=188\">Defekte Frischwasseranzeige<\/a><\/li>\n<li><a href=\"https:\/\/cms.t3-california-tips.de\/?p=347\" data-wplink-edit=\"true\">Steckdosenheizl\u00fcfter<\/a><\/li>\n<\/ul>\n<p>[Sicherheit]<\/p>\n<ul>\n<li><a title=\"Zus\u00e4tzliche Verriegelung der vorderen T\u00fcren\" href=\"https:\/\/cms.t3-california-tips.de\/?p=194\">Zus\u00e4tzliche Verriegelung der vorderen T\u00fcren<\/a><\/li>\n<li><a title=\"Schutz gegen das Aufbrechen der vorderen T\u00fcren\" href=\"https:\/\/cms.t3-california-tips.de\/?p=202\">Schutz gegen das Aufbrechen der vorderen T\u00fcren<\/a><\/li>\n<li><a title=\"Verriegelung der Schiebet\u00fcr\" href=\"https:\/\/cms.t3-california-tips.de\/?p=204\">Zus\u00e4tzliche Verriegelung der Schiebet\u00fcr<\/a><\/li>\n<li><a title=\"Diebstahlsicherung der Au\u00dfenspiegel\" href=\"https:\/\/cms.t3-california-tips.de\/?p=213\">Diebstahlsicherung f\u00fcr Aussenspiegel<\/a><\/li>\n<li><a title=\"Diebstahlsicherung f\u00fcr Heck-Fahrradtr\u00e4ger\" href=\"https:\/\/cms.t3-california-tips.de\/?p=222\">Diebstahlsicherung f\u00fcr Heck-Fahrradtr\u00e4ger<\/a><\/li>\n<li><a title=\"Distanzst\u00fcck f\u00fcr Heckklappenverriegelung\" href=\"https:\/\/cms.t3-california-tips.de\/?p=226\">Distanzst\u00fcck f\u00fcr Heckklappenverriegelung<\/a><\/li>\n<li><a title=\"Toter Winkel\" href=\"https:\/\/cms.t3-california-tips.de\/?p=230\">Toter Winkel<\/a><\/li>\n<\/ul>\n<p>[Pflege]<\/p>\n<ul>\n<li><a title=\"Felgenkonservierung\" href=\"https:\/\/cms.t3-california-tips.de\/?p=232\">Felgenkonservierung<\/a><\/li>\n<li><a title=\"Reinigung der Dachluken\" href=\"https:\/\/cms.t3-california-tips.de\/?p=234\">Reinigung der Dachluken<\/a><\/li>\n<li><a title=\"Hochdachpflege\" href=\"https:\/\/cms.t3-california-tips.de\/?p=236\">Hochdachpflege<\/a><\/li>\n<li><a title=\"Falzrost\" href=\"https:\/\/cms.t3-california-tips.de\/?p=238\">Falzrost<\/a><\/li>\n<\/ul>\n<p>[Sonstiges]<\/p>\n<ul>\n<li><a href=\"https:\/\/cms.t3-california-tips.de\/?p=332\">Standheizungsprobleme<\/a><\/li>\n<li><a title=\"Drehzahlverringerung 5. Gang\" href=\"https:\/\/cms.t3-california-tips.de\/?p=240\">Drehzahlverringerung 5. Gang<\/a><\/li>\n<li><a title=\"Pro &amp; Contra T3\" href=\"https:\/\/cms.t3-california-tips.de\/?p=244\">Pro &amp; Contra T3<\/a><\/li>\n<li><a title=\"Umr\u00fcstung auf Autogas\" href=\"https:\/\/cms.t3-california-tips.de\/?p=247\">Umr\u00fcstung auf Autogas<\/a><\/li>\n<\/ul>\n","protected":false},"excerpt":{"rendered":"<p>Nach \u00fcber 30j\u00e4hriger Erfahrung mit diesem Fahrzeug sind mir im Laufe der Zeit einige Verbesserungen eingefallen. Da sicherlich auch andere T3-Fahrer f\u00fcr Tipps und Anregungen dankbar sind, habe ich einiges aufgeschrieben. Aufgrund der Vielfalt kann ich nicht auf jeden Punkt so ausf\u00fchrlich eingehen, wie es vielleicht notwendig w\u00e4re. Ich bin aber gerne bereit, Fragen zu [&hellip;]<\/p>\n","protected":false},"author":1,"featured_media":12,"parent":0,"menu_order":0,"comment_status":"closed","ping_status":"closed","template":"page-templates\/front-page.php","meta":{"footnotes":""},"class_list":["post-46","page","type-page","status-publish","has-post-thumbnail","hentry"],"_links":{"self":[{"href":"https:\/\/cms.t3-california-tips.de\/index.php?rest_route=\/wp\/v2\/pages\/46","targetHints":{"allow":["GET"]}}],"collection":[{"href":"https:\/\/cms.t3-california-tips.de\/index.php?rest_route=\/wp\/v2\/pages"}],"about":[{"href":"https:\/\/cms.t3-california-tips.de\/index.php?rest_route=\/wp\/v2\/types\/page"}],"author":[{"embeddable":true,"href":"https:\/\/cms.t3-california-tips.de\/index.php?rest_route=\/wp\/v2\/users\/1"}],"replies":[{"embeddable":true,"href":"https:\/\/cms.t3-california-tips.de\/index.php?rest_route=%2Fwp%2Fv2%2Fcomments&post=46"}],"version-history":[{"count":30,"href":"https:\/\/cms.t3-california-tips.de\/index.php?rest_route=\/wp\/v2\/pages\/46\/revisions"}],"predecessor-version":[{"id":359,"href":"https:\/\/cms.t3-california-tips.de\/index.php?rest_route=\/wp\/v2\/pages\/46\/revisions\/359"}],"wp:featuredmedia":[{"embeddable":true,"href":"https:\/\/cms.t3-california-tips.de\/index.php?rest_route=\/wp\/v2\/media\/12"}],"wp:attachment":[{"href":"https:\/\/cms.t3-california-tips.de\/index.php?rest_route=%2Fwp%2Fv2%2Fmedia&parent=46"}],"curies":[{"name":"wp","href":"https:\/\/api.w.org\/{rel}","templated":true}]}}